73?
3
What is the hundred thousands digit of 258119?
2
What is the ten thousands digit of 478932?
7
What is the millions digit of 2648241?
2
What is the millions digit of 6484873?
6
What is the units digit of 538414?
4
What is the hundred thousands digit of 434917?
4
What is the hundreds digit of 1496249?
2
What is the hundreds digit of 187127?
1
What is the hundred thousands digit of 1828465?
8
What is the hundreds digit of 687588?
5
What is the millions digit of 26054585?
6
What is the ten thousands digit of 4977458?
7
What is the tens digit of 28700899?
9
What is the ten thousands digit of 370668?
7
What is the ten thousands digit of 218995?
1
What is the hundreds digit of 493440?
4
What is the units digit of 215620?
0
What is the hundreds digit of 6757952?
9
What is the hundred thousands digit of 167553?
1
What is the tens digit of 817203?
0
What is the thousands digit of 1573281?
3
What is the millions digit of 5303134?
5
What is the millions digit of 1433473?
1
What is the thousands digit of 296196?
6
What is the millions digit of 1334241?
1
What is the ten thousands digit of 16952020?
5
What is the units digit of 1852981?
1
What is the hundreds digit of 4747315?
3
What is the thousands digit of 75879?
5
What is the units digit of 5737671?
1
What is the hundred thousands digit of 6105025?
1
What is the hundreds digit of 1005189?
1
What is the thousands digit of 39602315?
2
What is the ten millions digit of 11533682?
1
What is the tens digit of 2951420?
2
What is the hundreds digit of 791433?
4
What is the hundreds digit of 1239928?
9
What is the ten thousands digit of 12444204?
4
What is the millions digit of 24659053?
4
What is the hundred thousands digit of 565470?
5
What is the units digit of 3934181?
1
What is the units digit of 8698150?
0
What is the millions digit of 1500028?
1
What is the units digit of 229932?
2
What is the units digit of 20880810?
0
What is the tens digit of 136320?
2
What is the units digit of 1143?
3
What is the ten millions digit of 21507170?
2
What is the tens digit of 1462994?
9
What is the thousands digit of 806823?
6
What is the millions digit of 6070431?
6
What is the hundreds digit of 18964791?
7
What is the ten thousands digit of 85495?
8
What is the hundreds digit of 1048245?
2
What is the thousands digit of 51571?
1
What is the hundreds digit of 2420973?
9
What is the hundred thousands digit of 647870?
6
What is the units digit of 4484520?
0
What is the tens digit of 524363?
6
What is the hundreds digit of 179142?
1
What is the hundred thousands digit of 2615348?
6
What is the hundreds digit of 4345665?
6
What is the units digit of 288574?
4
What is the hundred thousands digit of 666050?
6
What is the hundreds digit of 588519?
5
What is the hundred thousands digit of 1037054?
0
What is the ten thousands digit of 256836?
5
What is the thousands digit of 383751?
3
What is the hundred thousands digit of 8894524?
8
What is the units digit of 417373?
3
What is the hundreds digit of 28945?
9
What is the thousands digit of 691934?
1
What is the ten thousands digit of 1531155?
3
What is the units digit of 72693?
3
What is the units digit of 200508?
8
What is the thousands digit of 1252222?
2
What is the units digit of 38338140?
0
What is the tens digit of 157409?
0
What is the millions digit of 6227807?
6
What is the units digit of 9813811?
1
What is the hundred thousands digit of 1583767?
5
What is the thousands digit of 4892856?
2
What is the tens digit of 3897966?
6
What is the units digit of 4689840?
0
What is the units digit of 2453216?
6
What is the tens digit of 613442?
4
What is the units digit of 776444?
4
What is the thousands digit of 4954437?
4
What is the ten thousands digit of 999362?
9
What is the units digit of 1326442?
2
What is the ten thousands digit of 727137?
2
What is the ten millions digit of 24556923?
2
What is the hundred thousands digit of 568901?
5
What is the ten thousands digit of 590159?
9
What is the units digit of 8214816?
6
What is the hundreds digit of 206086?
0
What is the tens digit of 18153614?
1
What is the ten thousands digit of 761298?
6
What is the thousands digit of 3202319?
2
What is the tens digit of 19330582?
8
What is the hundred thousands digit of 3178812?
1
What is the tens digit of 1962427?
2
What is the hundreds digit of 337165?
1
What is the tens digit of 5653838?
3
What is the thousands digit of 3374479?
4
What is the hundred thousands digit of 9316146?
3
What is the tens digit of 3277757?
5
What is the millions digit of 1009775?
1
What is the hundred thousands digit of 1351928?
3
What is the thousands digit of 3660314?
0
What is the thousands digit of 399863?
9
What is the units digit of 1022038?
8
What is the tens digit of 12419471?
7
What is the thousands digit of 2068939?
8
What is the hundred thousands digit of 255082?
2
What is the tens digit of 2810477?
7
What is the thousands digit of 129421?
9
What is the ten thousands digit of 1938742?
3
What is the ten thousands digit of 2320569?
2
What is the units digit of 215865?
5
What is the hundreds digit of 381081?
0
What is the ten thousands digit of 6473254?
7
What is the tens digit of 10230449?
4
What is the thousands digit of 2468643?
8
What is the hundreds digit of 2111717?
7
What is the hundreds digit of 109224?
2
What is the ten thousands digit of 9726165?
2
What is the hundred thousands digit of 1471311?
4
What is the hundred thousands digit of 5792218?
7
What is the hundreds digit of 5081836?
8
What is the ten thousands digit of 9179393?
7
What is the tens digit of 109049?
4
What is the tens digit of 1753601?
0
What is the hundred thousands digit of 17224860?
2
What is the tens digit of 662288?
8
What is the hundred thousands digit of 295443?
2
What is the tens digit of 5302415?
1
What is the tens digit of 307954?
5
What is the tens digit of 2078952?
5
What is the ten millions digit of 11675442?
1
What is the tens digit of 24337828?
2
What is the tens digit of 234031?
3
What is the tens digit of 6780532?
3
What is the units digit of 608909?
9
What is the ten thousands digit of 599235?
9
What is the ten thousands digit of 2231135?
3
What is the thousands digit of 2421492?
1
What is the hundreds digit of 192613?
6
What is the tens digit of 43824?
2
What is the ten thousands digit of 518863?
1
What is the ten thousands digit of 700871?
0
What is the units digit of 603818?
8
What is the millions digit of 8013604?
8
What is the hundred thousands digit of 1139422?
1
What is the tens digit of 2042430?
3
What is the hundred thousands digit of 243824?
2
What is the tens digit of 42789?
8
What is the hundreds digit of 5617709?
7
What is the ten millions digit of 17247765?
1
What is the hundreds digit of 60927?
9
What is the hundred thousands digit of 6139139?
1
What is the thousands digit of 184643?
4
What is the ten thousands digit of 1226035?
2
What is the millions digit of 14652180?
4
What is the tens digit of 8901286?
8
What is the thousands digit of 4463657?
3
What is the hundred thousands digit of 2869532?
8
What is the tens digit of 1543862?
6
What is the units digit of 174230?
0
What is the thousands digit of 645475?
5
What is the thousands digit of 236494?
6
What is the hundred thousands digit of 2679384?
6
What is the units digit of 410788?
8
What is the ten millions digit of 16138761?
1
What is the ten thousands digit of 1547832?
4
What is the hundreds digit of 414468?
4
What is the units digit of 49502?
2
What is the tens digit of 1172725?
2
What is the thousands digit of 21809191?
9
What is the hundreds digit of 1761798?
7
What is the thousands digit of 7107580?
7
What is the units digit of 6211863?
3
What is the hundred thousands digit of 554167?
5
What is the units digit of 2476427?
7
What is the thousands digit of 294874?
4
What is the thousands digit of 1687318?
7
What is the millions digit of 6539278?
6
What is the units digit of 1066207?
7
What is the hundred thousands digit of 1869227?
8
What is the millions digit of 1360451?
1
What is the thousands digit of 8740602?
0
What is the units digit of 470510?
0
What is the ten thousands digit of 237437?
3
What is the units digit of 31242258?
8
What is the units digit of 51493?
3
What is the millions digit of 3165661?
3
What is the ten mil